{"id":244,"date":"2021-02-09T18:34:44","date_gmt":"2021-02-09T17:34:44","guid":{"rendered":"https:\/\/naturessentielle.org\/?page_id=244"},"modified":"2021-02-09T18:46:52","modified_gmt":"2021-02-09T17:46:52","slug":"mentions-legales","status":"publish","type":"page","link":"https:\/\/christinehenrion.fr\/index.php\/mentions-legales\/","title":{"rendered":"Mentions l\u00e9gales"},"content":{"rendered":"<p>Mention l\u00e9gales<\/p>\n<p>&nbsp;<\/p>\n<p>Mentions L\u00e9gales<\/p>\n<p>INFORMATIONS EDITEUR<\/p>\n<p>Ce site \u00e0 \u00e9t\u00e9 r\u00e9alis\u00e9 par :<\/p>\n<p>Antoine LEBON : 06 83 56 79 22<\/p>\n<p>INFORMATIONS DONNEUR D\u2019ORDRE<\/p>\n<p>HENRION Christine Naturopathe &amp; R\u00e9flexologue \u2013 Nature Essentielle<\/p>\n<p>Si\u00e8ge social :<\/p>\n<p>387 rue Malakoff<\/p>\n<p>22940 PLAINTEL<\/p>\n<p>France<\/p>\n<p>T\u00e9l: +33 (0)6 47 42 57 22<\/p>\n<p>Directeur de la publication : HENRION Christine<\/p>\n<p>INFORMATIONS H\u00c9BERGEUR<\/p>\n<p>Ce site est h\u00e9berg\u00e9 par : OVH<\/p>\n<p>INFORMATIQUE ET LIBERT\u00c9S<\/p>\n<p>L\u2019utilisateur de ce site est notamment inform\u00e9 que les informations qu\u2019il communique sur les formulaires pr\u00e9sents sur le site, sont n\u00e9cessaires pour r\u00e9pondre \u00e0 sa demande, et sont destin\u00e9es \u00e0 HENRION Christine Naturopathe &amp; R\u00e9flexologue \u2013 Nature Essentielle, responsable du traitement, \u00e0 des fins de gestion administrative et commerciale.<\/p>\n<p>L\u2019utilisateur de ce site dispose d\u2019un droit d\u2019acc\u00e8s, de modification et de suppression des informations personnelles qu\u2019il aura communiqu\u00e9es \u00e0 Accord.<\/p>\n<p>Pour toute demande, \u00e9crire \u00e0 :<\/p>\n<p>HENRION Christine Naturopathe &amp; R\u00e9flexologue \u2013 Nature Essentielle, 387 rue Malakoff \u2013 22940 PLAINTEL, FRANCE \u2013 T\u00e9l: +33 (0)6 47 42 57 22.<\/p>\n<p>DROITS D\u2019AUTEUR \/ COPYRIGHT<\/p>\n<p>La pr\u00e9sentation et chacun des \u00e9l\u00e9ments, y compris le nom de domaine, les marques, logos, enseignes, dessins, illustrations, photographies, textes, graphiques et autres fichiers apparaissant sur le pr\u00e9sent site, sont prot\u00e9g\u00e9s par les lois en vigueur sur la propri\u00e9t\u00e9 intellectuelle, et appartiennent \u00e0 HENRION Christine Naturopathe &amp; R\u00e9flexologue \u2013 Nature Essentielle ou font l\u2019objet d\u2019une autorisation d\u2019utilisation.<\/p>\n<p>Aucun \u00e9l\u00e9ment composant le Site ne peut \u00eatre copi\u00e9, reproduit, modifi\u00e9, r\u00e9\u00e9dit\u00e9, charg\u00e9, d\u00e9natur\u00e9, transmis ou distribu\u00e9 de quelque mani\u00e8re que ce soit, sous quelque support que ce soit, de fa\u00e7on partielle ou int\u00e9grale, sans l\u2019autorisation \u00e9crite et pr\u00e9alable de HENRION Christine Naturopathe &amp; R\u00e9flexologue \u2013 Nature Essentielle \u00e0 l\u2019exception d\u2019une stricte utilisation pour usage personnel, priv\u00e9 et non-commercial, sans modification des \u00e9l\u00e9ments pr\u00e9sents sur le site.<\/p>\n<p>La mention suivante doit notamment appara\u00eetre sur toute copie autoris\u00e9e de tout ou partie du contenu du Site: \u201c\u00a9Copyright HENRION Christine Naturopathe &amp; R\u00e9flexologue \u2013 Nature Essentielle \u201d.<\/p>\n<p>Les photographies figurant sur le Site ne sont pas contractuelles.\u201d<\/p>\n<p>Toute autre utilisation non express\u00e9ment autoris\u00e9e du Site ou de ses \u00e9l\u00e9ments constituerait une atteinte aux droits passible notamment de contrefa\u00e7on sanctionn\u00e9e par les articles L 355-2 et suivants du Code de la Propri\u00e9t\u00e9 Intellectuelle.<\/p>\n<p>Droits de HENRION Christine Naturopathe &amp; R\u00e9flexologue \u2013 Nature Essentielle en sa qualit\u00e9 de producteur de bases de donn\u00e9es :<\/p>\n<p>Tout client, prospect ou partenaire dispose d\u2019un droit personnel, non exclusif, incessible et intransmissible de consultation des informations contenues sur le site HENRION Christine Naturopathe &amp; R\u00e9flexologue \u2013 Nature Essentielle pour ses propres besoins \u00e0 des fins personnelles.<\/p>\n<p>Il est autoris\u00e9 \u00e0 extraire et\/ou r\u00e9utiliser une partie du contenu de ce site \u00e0 des fins personnelles de consultation, sous r\u00e9serve que cette extraction et\/ou r\u00e9utilisation ne porte pas sur une partie, appr\u00e9ci\u00e9e qualitativement ou quantitativement, substantielle du contenu de ce site. En outre, est \u00e9galement interdite l\u2019extraction et\/ou la r\u00e9utilisation r\u00e9p\u00e9t\u00e9e du contenu, m\u00eame non substantiel, de ce site.<\/p>\n<p>Toute reproduction totale ou partielle du site \u00e0 des fins autres est express\u00e9ment prohib\u00e9e par les articles L. 342-1 et L. 342-2 du Code de la propri\u00e9t\u00e9 intellectuelle. Est \u00e9galement interdite la communication au public de tout ou partie du contenu du site, sous quelque forme et \u00e0 destination de quelque public que ce soit.<\/p>\n<p>En particulier, l\u2019utilisation \u00e0 des fins commerciales du contenu de ce site est express\u00e9ment interdite.<\/p>\n<p>CR\u00c9DITS PHOTOGRAPHIES<\/p>\n<p>Pour en savoir plus sur les photographies utilis\u00e9es sur notre site, merci de contacter Christine HENRION<\/p>\n<p>RESPONSABILIT\u00c9<\/p>\n<p>L\u2019ensemble des informations accessibles via ce site sont fournies en l\u2019\u00e9tat.<\/p>\n<p>HENRION Christine Naturopathe &amp; R\u00e9flexologue \u2013 Nature Essentielle ne donne aucune garantie, explicite ou implicite, et n\u2019assume aucune responsabilit\u00e9 relative \u00e0 l\u2019utilisation de ces informations.<\/p>\n<p>L\u2019utilisateur est seul responsable de l\u2019utilisation de telles informations.<\/p>\n<p>HENRION Christine Naturopathe &amp; R\u00e9flexologue \u2013 Nature Essentielle se r\u00e9serve le droit de modifier \u00e0 tout moment les pr\u00e9sentes notamment en actualisant ce site.<\/p>\n<p>HENRION Christine Naturopathe &amp; R\u00e9flexologue \u2013 Nature Essentielle ne pourra \u00eatre responsable pour quel que dommage que ce soit tant direct qu\u2019indirect, r\u00e9sultant d\u2019une information contenue sur ce site.<\/p>\n<p>L\u2019utilisateur s\u2019engage \u00e0 ne transmettre sur ce site aucune information pouvant entra\u00eener une responsabilit\u00e9 civile ou p\u00e9nale et s\u2019engage \u00e0 ce titre \u00e0 ne pas divulguer via ce site des informations ill\u00e9gales, contraires \u00e0 l\u2019ordre public ou diffamatoires.<\/p>\n<p>HENRION Christine Naturopathe &amp; R\u00e9flexologue \u2013 Nature Essentielle met tout en \u0153uvre pour offrir aux utilisateurs des informations et\/ou des outils disponibles et v\u00e9rifi\u00e9s, mais ne saurait \u00eatre tenue pour responsable des erreurs, d\u2019une absence de disponibilit\u00e9 des informations et\/ou de la pr\u00e9sence de virus sur son site.<\/p>\n<p>Les sites ext\u00e9rieurs a HENRION Christine Naturopathe &amp; R\u00e9flexologue \u2013 Nature Essentielle ayant un lien hypertexte avec le pr\u00e9sent site ne sont pas sous contr\u00f4le de HENRION Christine Naturopathe &amp; R\u00e9flexologue \u2013 Nature Essentielle qui d\u00e9cline par cons\u00e9quent toute responsabilit\u00e9 quant \u00e0 leur contenu. L\u2019utilisateur est seul responsable de leur utilisation.<\/p>\n<p>LIENS HYPERTEXTE<\/p>\n<p>La cr\u00e9ation de liens hypertextes vers le <a href=\"http:\/\/www.naturessentielle.org\">www.naturessentielle.org<\/a> est soumise \u00e0 l\u2019accord pr\u00e9alable et \u00e9crit HENRION Christine Naturopathe &amp; R\u00e9flexologue \u2013 Nature Essentielle.<\/p>\n<p>NEWSLETTER<\/p>\n<p>Vous avez la possibilit\u00e9 de vous d\u00e9sabonner de nos listes de diffusion en envoyant un mail \u00e0 \u201cchristine@naturessentielle.org\u201d<\/p>\n<p>CONTACT<\/p>\n<p>Pour toute remarque, \u00e9crivez-nous \u00e0 l\u2019adresse suivante :<\/p>\n<p>HENRION Christine Naturopathe &amp; R\u00e9flexologue \u2013 Nature Essentielle<\/p>\n<p>Si\u00e8ge social :<\/p>\n<p>387 rue Malakoff<\/p>\n<p>22940 PLAINTEL<\/p>\n<p>FRANCE<br \/>\nT\u00e9l: +33 (0)6 47 42 57 22.<\/p>\n<p><u>\u00a0<\/u><\/p>\n","protected":false},"excerpt":{"rendered":"<p>Mention l\u00e9gales &nbsp; Mentions L\u00e9gales INFORMATIONS EDITEUR Ce site \u00e0 \u00e9t\u00e9 r\u00e9alis\u00e9 par : Antoine LEBON : 06 83 56 79 22 INFORMATIONS DONNEUR D\u2019ORDRE HENRION Christine Naturopathe &amp; R\u00e9flexologue \u2013 Nature Essentielle Si\u00e8ge social : 387 rue Malakoff 22940 PLAINTEL France T\u00e9l: +33 (0)6 47 42 57 22 Directeur de la publication : HENRION <a class=\"read-more\" href=\"https:\/\/christinehenrion.fr\/index.php\/mentions-legales\/\">READ MORE<\/a><\/p>\n","protected":false},"author":1,"featured_media":0,"parent":0,"menu_order":0,"comment_status":"closed","ping_status":"closed","template":"","meta":[],"yoast_head":"<!-- This site is optimized with the Yoast SEO plugin v16.3 - https:\/\/yoast.com\/wordpress\/plugins\/seo\/ -->\n<title>Mentions l\u00e9gales -<\/title>\n<meta name=\"robots\" content=\"index, follow, max-snippet:-1, max-image-preview:large, max-video-preview:-1\" \/>\n<link rel=\"canonical\" href=\"https:\/\/christinehenrion.fr\/index.php\/mentions-legales\/\" \/>\n<meta property=\"og:locale\" content=\"fr_FR\" \/>\n<meta property=\"og:type\" content=\"article\" \/>\n<meta property=\"og:title\" content=\"Mentions l\u00e9gales -\" \/>\n<meta property=\"og:description\" content=\"Mention l\u00e9gales &nbsp; Mentions L\u00e9gales INFORMATIONS EDITEUR Ce site \u00e0 \u00e9t\u00e9 r\u00e9alis\u00e9 par : Antoine LEBON : 06 83 56 79 22 INFORMATIONS DONNEUR D\u2019ORDRE HENRION Christine Naturopathe &amp; R\u00e9flexologue \u2013 Nature Essentielle Si\u00e8ge social : 387 rue Malakoff 22940 PLAINTEL France T\u00e9l: +33 (0)6 47 42 57 22 Directeur de la publication : HENRION READ MORE\" \/>\n<meta property=\"og:url\" content=\"https:\/\/christinehenrion.fr\/index.php\/mentions-legales\/\" \/>\n<meta property=\"article:modified_time\" content=\"2021-02-09T17:46:52+00:00\" \/>\n<meta name=\"twitter:card\" content=\"summary_large_image\" \/>\n<meta name=\"twitter:label1\" content=\"Dur\u00e9e de lecture est.\">\n\t<meta name=\"twitter:data1\" content=\"5 minutes\">\n<script type=\"application\/ld+json\" class=\"yoast-schema-graph\">{\"@context\":\"https:\/\/schema.org\",\"@graph\":[{\"@type\":\"WebSite\",\"@id\":\"https:\/\/christinehenrion.fr\/#website\",\"url\":\"https:\/\/christinehenrion.fr\/\",\"name\":\"\",\"description\":\"\",\"potentialAction\":[{\"@type\":\"SearchAction\",\"target\":\"https:\/\/christinehenrion.fr\/?s={search_term_string}\",\"query-input\":\"required name=search_term_string\"}],\"inLanguage\":\"fr-FR\"},{\"@type\":\"WebPage\",\"@id\":\"https:\/\/christinehenrion.fr\/index.php\/mentions-legales\/#webpage\",\"url\":\"https:\/\/christinehenrion.fr\/index.php\/mentions-legales\/\",\"name\":\"Mentions l\\u00e9gales -\",\"isPartOf\":{\"@id\":\"https:\/\/christinehenrion.fr\/#website\"},\"datePublished\":\"2021-02-09T17:34:44+00:00\",\"dateModified\":\"2021-02-09T17:46:52+00:00\",\"breadcrumb\":{\"@id\":\"https:\/\/christinehenrion.fr\/index.php\/mentions-legales\/#breadcrumb\"},\"inLanguage\":\"fr-FR\",\"potentialAction\":[{\"@type\":\"ReadAction\",\"target\":[\"https:\/\/christinehenrion.fr\/index.php\/mentions-legales\/\"]}]},{\"@type\":\"BreadcrumbList\",\"@id\":\"https:\/\/christinehenrion.fr\/index.php\/mentions-legales\/#breadcrumb\",\"itemListElement\":[{\"@type\":\"ListItem\",\"position\":1,\"item\":{\"@type\":\"WebPage\",\"@id\":\"https:\/\/christinehenrion.fr\/\",\"url\":\"https:\/\/christinehenrion.fr\/\",\"name\":\"Accueil\"}},{\"@type\":\"ListItem\",\"position\":2,\"item\":{\"@id\":\"https:\/\/christinehenrion.fr\/index.php\/mentions-legales\/#webpage\"}}]}]}<\/script>\n<!-- \/ Yoast SEO plugin. -->","_links":{"self":[{"href":"https:\/\/christinehenrion.fr\/index.php\/wp-json\/wp\/v2\/pages\/244"}],"collection":[{"href":"https:\/\/christinehenrion.fr\/index.php\/wp-json\/wp\/v2\/pages"}],"about":[{"href":"https:\/\/christinehenrion.fr\/index.php\/wp-json\/wp\/v2\/types\/page"}],"author":[{"embeddable":true,"href":"https:\/\/christinehenrion.fr\/index.php\/wp-json\/wp\/v2\/users\/1"}],"replies":[{"embeddable":true,"href":"https:\/\/christinehenrion.fr\/index.php\/wp-json\/wp\/v2\/comments?post=244"}],"version-history":[{"count":2,"href":"https:\/\/christinehenrion.fr\/index.php\/wp-json\/wp\/v2\/pages\/244\/revisions"}],"predecessor-version":[{"id":257,"href":"https:\/\/christinehenrion.fr\/index.php\/wp-json\/wp\/v2\/pages\/244\/revisions\/257"}],"wp:attachment":[{"href":"https:\/\/christinehenrion.fr\/index.php\/wp-json\/wp\/v2\/media?parent=244"}],"curies":[{"name":"wp","href":"https:\/\/api.w.org\/{rel}","templated":true}]}}